{"id":33309,"date":"2024-02-13T15:35:28","date_gmt":"2024-02-13T14:35:28","guid":{"rendered":"https:\/\/stresafestival.jamarea.com\/roberto-issoglio\/"},"modified":"2024-04-04T10:56:12","modified_gmt":"2024-04-04T10:56:12","slug":"roberto-issoglio","status":"publish","type":"page","link":"https:\/\/www.stresafestival.eu\/en\/staff\/roberto-issoglio\/","title":{"rendered":"Roberto Issoglio"},"content":{"rendered":"<h1 >\n\t\t\t\t\tRoberto Issoglio\t\t\t<\/h1>\n<p>\t\t\t\t\t\t\t\t\t\t\t\t\t<img decoding=\"async\" src=\"https:\/\/stresafestival.jamarea.com\/wp-content\/uploads\/elementor\/thumbs\/Roberto-issoglio_Regione-Piemonte-scaled-1-qjr72a4e6tlgn4mzod029syj3pj7cm5fxc5b9jdug0.jpg\" title=\"Roberto-issoglio_Regione-Piemonte-scaled.jpg\" alt=\"Roberto-issoglio_Regione-Piemonte-scaled.jpg\" loading=\"lazy\" \/>\t\t\t\t\t\t\t\t\t\t\t\t\t<\/p>\n<p>Ha iniziato gli studi di pianoforte a Torino, proseguendoli in Germania con Roland Pr\u00f6ll. La sua formazione si \u00e8 poi completata con Maria Gachet e Bruno Canino. Ha frequentato corsi di perfezionamento con Pavel Gililov e con Peter Lang al Mozarteum di Salisburgo. Dopo il Diploma di Pianoforte, ha conseguito i Diplomi accademici di II livello in Pianoforte ad indirizzo concertistico -col massimo dei voti e la lode &#8211; e in Didattica dello strumento. Oltre all\u2019attivit\u00e0 concertistica come solista, quale camerista collabora regolarmente con vari gruppi &#8211; tra cui quelli dei Berliner Philharmoniker &#8211; e con artisti quali Bruno Canino, Julius Berger, Maria Kliegel, Alessandro Milani, Cihat Askin. Ospite di numerosi festival internazionali, ha suonato in sale prestigiose tra cui St. Martin in the Fields a Londra, la Philharmonie e il Konzerthaus di Berlino, il Palau de la Musica di Valencia, la Cemal Re\u015fit Hall di Istanbul.\u00a0 Ha registrato numerosi CD trasmessi da varie emittenti radiofoniche. Tiene corsi di perfezionamento di Pianoforte e di Musica da camera; \u00e8 stato membro di giuria in vari concorsi internazionali. Dal 2008 \u00e8 Direttore artistico del Festival di Pasqua del Comune di Cervo, in Liguria. \u00c8 stato professore ospite presso l\u2019Universit\u00e0 tedesca di Osnabr\u00fcck e docente di Musica da camera presso il Conservatorio di Cosenza. Per la stessa disciplina \u00e8 attualmente docente presso il Conservatorio \u201cG. Verdi\u201d di Torino.<\/p>\n","protected":false},"excerpt":{"rendered":"<p>Roberto Issoglio Ha iniziato gli studi di pianoforte a Torino, proseguendoli in Germania con Roland Pr\u00f6ll. La sua formazione si \u00e8 poi completata con Maria Gachet e Bruno Canino. Ha frequentato corsi di perfezionamento con Pavel Gililov e con Peter Lang al Mozarteum di Salisburgo. Dopo il Diploma di Pianoforte, ha conseguito i Diplomi accademici [&hellip;]<\/p>\n","protected":false},"author":1,"featured_media":0,"parent":33318,"menu_order":0,"comment_status":"closed","ping_status":"closed","template":"page-full-width.php","meta":{"footnotes":""},"class_list":["post-33309","page","type-page","status-publish","hentry"],"yoast_head":"<!-- This site is optimized with the Yoast SEO plugin v27.5 - https:\/\/yoast.com\/product\/yoast-seo-wordpress\/ -->\n<title>Roberto Issoglio - Stresa Festival Classica &amp; Jazz Lago Maggiore<\/title>\n<meta name=\"robots\" content=\"index, follow, max-snippet:-1, max-image-preview:large, max-video-preview:-1\" \/>\n<link rel=\"canonical\" href=\"https:\/\/www.stresafestival.eu\/en\/staff\/roberto-issoglio\/\" \/>\n<meta property=\"og:locale\" content=\"en_US\" \/>\n<meta property=\"og:type\" content=\"article\" \/>\n<meta property=\"og:title\" content=\"Roberto Issoglio - Stresa Festival Classica &amp; Jazz Lago Maggiore\" \/>\n<meta property=\"og:description\" content=\"Roberto Issoglio Ha iniziato gli studi di pianoforte a Torino, proseguendoli in Germania con Roland Pr\u00f6ll. La sua formazione si \u00e8 poi completata con Maria Gachet e Bruno Canino. Ha frequentato corsi di perfezionamento con Pavel Gililov e con Peter Lang al Mozarteum di Salisburgo. Dopo il Diploma di Pianoforte, ha conseguito i Diplomi accademici [&hellip;]\" \/>\n<meta property=\"og:url\" content=\"https:\/\/www.stresafestival.eu\/en\/staff\/roberto-issoglio\/\" \/>\n<meta property=\"og:site_name\" content=\"Stresa Festival Classica &amp; Jazz Lago Maggiore\" \/>\n<meta property=\"article:modified_time\" content=\"2024-04-04T10:56:12+00:00\" \/>\n<meta property=\"og:image\" content=\"https:\/\/stresafestival.jamarea.com\/wp-content\/uploads\/elementor\/thumbs\/Roberto-issoglio_Regione-Piemonte-scaled-1-qjr72a4e6tlgn4mzod029syj3pj7cm5fxc5b9jdug0.jpg\" \/>\n<meta name=\"twitter:card\" content=\"summary_large_image\" \/>\n<meta name=\"twitter:label1\" content=\"Est. reading time\" \/>\n\t<meta name=\"twitter:data1\" content=\"4 minutes\" \/>\n<script type=\"application\/ld+json\" class=\"yoast-schema-graph\">{\"@context\":\"https:\\\/\\\/schema.org\",\"@graph\":[{\"@type\":\"WebPage\",\"@id\":\"https:\\\/\\\/www.stresafestival.eu\\\/en\\\/staff\\\/roberto-issoglio\\\/\",\"url\":\"https:\\\/\\\/www.stresafestival.eu\\\/en\\\/staff\\\/roberto-issoglio\\\/\",\"name\":\"Roberto Issoglio - Stresa Festival Classica &amp; Jazz Lago Maggiore\",\"isPartOf\":{\"@id\":\"https:\\\/\\\/www.stresafestival.eu\\\/en\\\/#website\"},\"primaryImageOfPage\":{\"@id\":\"https:\\\/\\\/www.stresafestival.eu\\\/en\\\/staff\\\/roberto-issoglio\\\/#primaryimage\"},\"image\":{\"@id\":\"https:\\\/\\\/www.stresafestival.eu\\\/en\\\/staff\\\/roberto-issoglio\\\/#primaryimage\"},\"thumbnailUrl\":\"https:\\\/\\\/stresafestival.jamarea.com\\\/wp-content\\\/uploads\\\/elementor\\\/thumbs\\\/Roberto-issoglio_Regione-Piemonte-scaled-1-qjr72a4e6tlgn4mzod029syj3pj7cm5fxc5b9jdug0.jpg\",\"datePublished\":\"2024-02-13T14:35:28+00:00\",\"dateModified\":\"2024-04-04T10:56:12+00:00\",\"breadcrumb\":{\"@id\":\"https:\\\/\\\/www.stresafestival.eu\\\/en\\\/staff\\\/roberto-issoglio\\\/#breadcrumb\"},\"inLanguage\":\"en-US\",\"potentialAction\":[{\"@type\":\"ReadAction\",\"target\":[\"https:\\\/\\\/www.stresafestival.eu\\\/en\\\/staff\\\/roberto-issoglio\\\/\"]}]},{\"@type\":\"ImageObject\",\"inLanguage\":\"en-US\",\"@id\":\"https:\\\/\\\/www.stresafestival.eu\\\/en\\\/staff\\\/roberto-issoglio\\\/#primaryimage\",\"url\":\"https:\\\/\\\/stresafestival.jamarea.com\\\/wp-content\\\/uploads\\\/elementor\\\/thumbs\\\/Roberto-issoglio_Regione-Piemonte-scaled-1-qjr72a4e6tlgn4mzod029syj3pj7cm5fxc5b9jdug0.jpg\",\"contentUrl\":\"https:\\\/\\\/stresafestival.jamarea.com\\\/wp-content\\\/uploads\\\/elementor\\\/thumbs\\\/Roberto-issoglio_Regione-Piemonte-scaled-1-qjr72a4e6tlgn4mzod029syj3pj7cm5fxc5b9jdug0.jpg\"},{\"@type\":\"BreadcrumbList\",\"@id\":\"https:\\\/\\\/www.stresafestival.eu\\\/en\\\/staff\\\/roberto-issoglio\\\/#breadcrumb\",\"itemListElement\":[{\"@type\":\"ListItem\",\"position\":1,\"name\":\"Home\",\"item\":\"https:\\\/\\\/www.stresafestival.eu\\\/en\\\/\"},{\"@type\":\"ListItem\",\"position\":2,\"name\":\"Staff\",\"item\":\"https:\\\/\\\/www.stresafestival.eu\\\/en\\\/staff\\\/\"},{\"@type\":\"ListItem\",\"position\":3,\"name\":\"Roberto Issoglio\"}]},{\"@type\":\"WebSite\",\"@id\":\"https:\\\/\\\/www.stresafestival.eu\\\/en\\\/#website\",\"url\":\"https:\\\/\\\/www.stresafestival.eu\\\/en\\\/\",\"name\":\"Stresa Festival Classica &amp; Jazz Lago Maggiore\",\"description\":\"Festival di Musica Classica &amp; Jazz a Stresa sul Lago Maggiore\",\"potentialAction\":[{\"@type\":\"SearchAction\",\"target\":{\"@type\":\"EntryPoint\",\"urlTemplate\":\"https:\\\/\\\/www.stresafestival.eu\\\/en\\\/?s={search_term_string}\"},\"query-input\":{\"@type\":\"PropertyValueSpecification\",\"valueRequired\":true,\"valueName\":\"search_term_string\"}}],\"inLanguage\":\"en-US\"}]}<\/script>\n<!-- \/ Yoast SEO plugin. -->","yoast_head_json":{"title":"Roberto Issoglio - Stresa Festival Classica &amp; Jazz Lago Maggiore","robots":{"index":"index","follow":"follow","max-snippet":"max-snippet:-1","max-image-preview":"max-image-preview:large","max-video-preview":"max-video-preview:-1"},"canonical":"https:\/\/www.stresafestival.eu\/en\/staff\/roberto-issoglio\/","og_locale":"en_US","og_type":"article","og_title":"Roberto Issoglio - Stresa Festival Classica &amp; Jazz Lago Maggiore","og_description":"Roberto Issoglio Ha iniziato gli studi di pianoforte a Torino, proseguendoli in Germania con Roland Pr\u00f6ll. La sua formazione si \u00e8 poi completata con Maria Gachet e Bruno Canino. Ha frequentato corsi di perfezionamento con Pavel Gililov e con Peter Lang al Mozarteum di Salisburgo. Dopo il Diploma di Pianoforte, ha conseguito i Diplomi accademici [&hellip;]","og_url":"https:\/\/www.stresafestival.eu\/en\/staff\/roberto-issoglio\/","og_site_name":"Stresa Festival Classica &amp; Jazz Lago Maggiore","article_modified_time":"2024-04-04T10:56:12+00:00","og_image":[{"url":"https:\/\/stresafestival.jamarea.com\/wp-content\/uploads\/elementor\/thumbs\/Roberto-issoglio_Regione-Piemonte-scaled-1-qjr72a4e6tlgn4mzod029syj3pj7cm5fxc5b9jdug0.jpg","type":"","width":"","height":""}],"twitter_card":"summary_large_image","twitter_misc":{"Est. reading time":"4 minutes"},"schema":{"@context":"https:\/\/schema.org","@graph":[{"@type":"WebPage","@id":"https:\/\/www.stresafestival.eu\/en\/staff\/roberto-issoglio\/","url":"https:\/\/www.stresafestival.eu\/en\/staff\/roberto-issoglio\/","name":"Roberto Issoglio - Stresa Festival Classica &amp; Jazz Lago Maggiore","isPartOf":{"@id":"https:\/\/www.stresafestival.eu\/en\/#website"},"primaryImageOfPage":{"@id":"https:\/\/www.stresafestival.eu\/en\/staff\/roberto-issoglio\/#primaryimage"},"image":{"@id":"https:\/\/www.stresafestival.eu\/en\/staff\/roberto-issoglio\/#primaryimage"},"thumbnailUrl":"https:\/\/stresafestival.jamarea.com\/wp-content\/uploads\/elementor\/thumbs\/Roberto-issoglio_Regione-Piemonte-scaled-1-qjr72a4e6tlgn4mzod029syj3pj7cm5fxc5b9jdug0.jpg","datePublished":"2024-02-13T14:35:28+00:00","dateModified":"2024-04-04T10:56:12+00:00","breadcrumb":{"@id":"https:\/\/www.stresafestival.eu\/en\/staff\/roberto-issoglio\/#breadcrumb"},"inLanguage":"en-US","potentialAction":[{"@type":"ReadAction","target":["https:\/\/www.stresafestival.eu\/en\/staff\/roberto-issoglio\/"]}]},{"@type":"ImageObject","inLanguage":"en-US","@id":"https:\/\/www.stresafestival.eu\/en\/staff\/roberto-issoglio\/#primaryimage","url":"https:\/\/stresafestival.jamarea.com\/wp-content\/uploads\/elementor\/thumbs\/Roberto-issoglio_Regione-Piemonte-scaled-1-qjr72a4e6tlgn4mzod029syj3pj7cm5fxc5b9jdug0.jpg","contentUrl":"https:\/\/stresafestival.jamarea.com\/wp-content\/uploads\/elementor\/thumbs\/Roberto-issoglio_Regione-Piemonte-scaled-1-qjr72a4e6tlgn4mzod029syj3pj7cm5fxc5b9jdug0.jpg"},{"@type":"BreadcrumbList","@id":"https:\/\/www.stresafestival.eu\/en\/staff\/roberto-issoglio\/#breadcrumb","itemListElement":[{"@type":"ListItem","position":1,"name":"Home","item":"https:\/\/www.stresafestival.eu\/en\/"},{"@type":"ListItem","position":2,"name":"Staff","item":"https:\/\/www.stresafestival.eu\/en\/staff\/"},{"@type":"ListItem","position":3,"name":"Roberto Issoglio"}]},{"@type":"WebSite","@id":"https:\/\/www.stresafestival.eu\/en\/#website","url":"https:\/\/www.stresafestival.eu\/en\/","name":"Stresa Festival Classica &amp; Jazz Lago Maggiore","description":"Festival di Musica Classica &amp; Jazz a Stresa sul Lago Maggiore","potentialAction":[{"@type":"SearchAction","target":{"@type":"EntryPoint","urlTemplate":"https:\/\/www.stresafestival.eu\/en\/?s={search_term_string}"},"query-input":{"@type":"PropertyValueSpecification","valueRequired":true,"valueName":"search_term_string"}}],"inLanguage":"en-US"}]}},"_links":{"self":[{"href":"https:\/\/www.stresafestival.eu\/en\/wp-json\/wp\/v2\/pages\/33309","targetHints":{"allow":["GET"]}}],"collection":[{"href":"https:\/\/www.stresafestival.eu\/en\/wp-json\/wp\/v2\/pages"}],"about":[{"href":"https:\/\/www.stresafestival.eu\/en\/wp-json\/wp\/v2\/types\/page"}],"author":[{"embeddable":true,"href":"https:\/\/www.stresafestival.eu\/en\/wp-json\/wp\/v2\/users\/1"}],"replies":[{"embeddable":true,"href":"https:\/\/www.stresafestival.eu\/en\/wp-json\/wp\/v2\/comments?post=33309"}],"version-history":[{"count":4,"href":"https:\/\/www.stresafestival.eu\/en\/wp-json\/wp\/v2\/pages\/33309\/revisions"}],"predecessor-version":[{"id":33405,"href":"https:\/\/www.stresafestival.eu\/en\/wp-json\/wp\/v2\/pages\/33309\/revisions\/33405"}],"up":[{"embeddable":true,"href":"https:\/\/www.stresafestival.eu\/en\/wp-json\/wp\/v2\/pages\/33318"}],"wp:attachment":[{"href":"https:\/\/www.stresafestival.eu\/en\/wp-json\/wp\/v2\/media?parent=33309"}],"curies":[{"name":"wp","href":"https:\/\/api.w.org\/{rel}","templated":true}]}}

<h1 >
					Roberto Issoglio			</h1>
<p>													<img decoding="async" src="https://stresafestival.jamarea.com/wp-content/uploads/elementor/thumbs/Roberto-issoglio_Regione-Piemonte-scaled-1-qjr72a4e6tlgn4mzod029syj3pj7cm5fxc5b9jdug0.jpg" title="Roberto-issoglio_Regione-Piemonte-scaled.jpg" alt="Roberto-issoglio_Regione-Piemonte-scaled.jpg" loading="lazy" />													</p>
<p>Ha iniziato gli studi di pianoforte a Torino, proseguendoli in Germania con Roland Pröll. La sua formazione si è poi completata con Maria Gachet e Bruno Canino. Ha frequentato corsi di perfezionamento con Pavel Gililov e con Peter Lang al Mozarteum di Salisburgo. Dopo il Diploma di Pianoforte, ha conseguito i Diplomi accademici di II livello in Pianoforte ad indirizzo concertistico -col massimo dei voti e la lode &#8211; e in Didattica dello strumento. Oltre all’attività concertistica come solista, quale camerista collabora regolarmente con vari gruppi &#8211; tra cui quelli dei Berliner Philharmoniker &#8211; e con artisti quali Bruno Canino, Julius Berger, Maria Kliegel, Alessandro Milani, Cihat Askin. Ospite di numerosi festival internazionali, ha suonato in sale prestigiose tra cui St. Martin in the Fields a Londra, la Philharmonie e il Konzerthaus di Berlino, il Palau de la Musica di Valencia, la Cemal Reşit Hall di Istanbul.  Ha registrato numerosi CD trasmessi da varie emittenti radiofoniche. Tiene corsi di perfezionamento di Pianoforte e di Musica da camera; è stato membro di giuria in vari concorsi internazionali. Dal 2008 è Direttore artistico del Festival di Pasqua del Comune di Cervo, in Liguria. È stato professore ospite presso l’Università tedesca di Osnabrück e docente di Musica da camera presso il Conservatorio di Cosenza. Per la stessa disciplina è attualmente docente presso il Conservatorio “G. Verdi” di Torino.</p>

<p>Roberto Issoglio Ha iniziato gli studi di pianoforte a Torino, proseguendoli in Germania con Roland Pröll. La sua formazione si è poi completata con Maria Gachet e Bruno Canino. Ha frequentato corsi di perfezionamento con Pavel Gililov e con Peter Lang al Mozarteum di Salisburgo. Dopo il Diploma di Pianoforte, ha conseguito i Diplomi accademici [&hellip;]</p>

<!-- This site is optimized with the Yoast SEO plugin v27.5 - https://yoast.com/product/yoast-seo-wordpress/ -->
<title>Roberto Issoglio - Stresa Festival Classica &amp; Jazz Lago Maggiore</title>
<meta name="robots" content="index, follow, max-snippet:-1, max-image-preview:large, max-video-preview:-1" />
<link rel="canonical" href="https://www.stresafestival.eu/en/staff/roberto-issoglio/" />
<meta property="og:locale" content="en_US" />
<meta property="og:type" content="article" />
<meta property="og:title" content="Roberto Issoglio - Stresa Festival Classica &amp; Jazz Lago Maggiore" />
<meta property="og:description" content="Roberto Issoglio Ha iniziato gli studi di pianoforte a Torino, proseguendoli in Germania con Roland Pröll. La sua formazione si è poi completata con Maria Gachet e Bruno Canino. Ha frequentato corsi di perfezionamento con Pavel Gililov e con Peter Lang al Mozarteum di Salisburgo. Dopo il Diploma di Pianoforte, ha conseguito i Diplomi accademici [&hellip;]" />
<meta property="og:url" content="https://www.stresafestival.eu/en/staff/roberto-issoglio/" />
<meta property="og:site_name" content="Stresa Festival Classica &amp; Jazz Lago Maggiore" />
<meta property="article:modified_time" content="2024-04-04T10:56:12+00:00" />
<meta property="og:image" content="https://stresafestival.jamarea.com/wp-content/uploads/elementor/thumbs/Roberto-issoglio_Regione-Piemonte-scaled-1-qjr72a4e6tlgn4mzod029syj3pj7cm5fxc5b9jdug0.jpg" />
<meta name="twitter:card" content="summary_large_image" />
<meta name="twitter:label1" content="Est. reading time" />
	<meta name="twitter:data1" content="4 minutes" />
<script type="application/ld+json" class="yoast-schema-graph">{"@context":"https:\/\/schema.org","@graph":[{"@type":"WebPage","@id":"https:\/\/www.stresafestival.eu\/en\/staff\/roberto-issoglio\/","url":"https:\/\/www.stresafestival.eu\/en\/staff\/roberto-issoglio\/","name":"Roberto Issoglio - Stresa Festival Classica &amp; Jazz Lago Maggiore","isPartOf":{"@id":"https:\/\/www.stresafestival.eu\/en\/#website"},"primaryImageOfPage":{"@id":"https:\/\/www.stresafestival.eu\/en\/staff\/roberto-issoglio\/#primaryimage"},"image":{"@id":"https:\/\/www.stresafestival.eu\/en\/staff\/roberto-issoglio\/#primaryimage"},"thumbnailUrl":"https:\/\/stresafestival.jamarea.com\/wp-content\/uploads\/elementor\/thumbs\/Roberto-issoglio_Regione-Piemonte-scaled-1-qjr72a4e6tlgn4mzod029syj3pj7cm5fxc5b9jdug0.jpg","datePublished":"2024-02-13T14:35:28+00:00","dateModified":"2024-04-04T10:56:12+00:00","breadcrumb":{"@id":"https:\/\/www.stresafestival.eu\/en\/staff\/roberto-issoglio\/#breadcrumb"},"inLanguage":"en-US","potentialAction":[{"@type":"ReadAction","target":["https:\/\/www.stresafestival.eu\/en\/staff\/roberto-issoglio\/"]}]},{"@type":"ImageObject","inLanguage":"en-US","@id":"https:\/\/www.stresafestival.eu\/en\/staff\/roberto-issoglio\/#primaryimage","url":"https:\/\/stresafestival.jamarea.com\/wp-content\/uploads\/elementor\/thumbs\/Roberto-issoglio_Regione-Piemonte-scaled-1-qjr72a4e6tlgn4mzod029syj3pj7cm5fxc5b9jdug0.jpg","contentUrl":"https:\/\/stresafestival.jamarea.com\/wp-content\/uploads\/elementor\/thumbs\/Roberto-issoglio_Regione-Piemonte-scaled-1-qjr72a4e6tlgn4mzod029syj3pj7cm5fxc5b9jdug0.jpg"},{"@type":"BreadcrumbList","@id":"https:\/\/www.stresafestival.eu\/en\/staff\/roberto-issoglio\/#breadcrumb","itemListElement":[{"@type":"ListItem","position":1,"name":"Home","item":"https:\/\/www.stresafestival.eu\/en\/"},{"@type":"ListItem","position":2,"name":"Staff","item":"https:\/\/www.stresafestival.eu\/en\/staff\/"},{"@type":"ListItem","position":3,"name":"Roberto Issoglio"}]},{"@type":"WebSite","@id":"https:\/\/www.stresafestival.eu\/en\/#website","url":"https:\/\/www.stresafestival.eu\/en\/","name":"Stresa Festival Classica &amp; Jazz Lago Maggiore","description":"Festival di Musica Classica &amp; Jazz a Stresa sul Lago Maggiore","potentialAction":[{"@type":"SearchAction","target":{"@type":"EntryPoint","urlTemplate":"https:\/\/www.stresafestival.eu\/en\/?s={search_term_string}"},"query-input":{"@type":"PropertyValueSpecification","valueRequired":true,"valueName":"search_term_string"}}],"inLanguage":"en-US"}]}</script>
<!-- / Yoast SEO plugin. -->

Roberto Issoglio Ha iniziato gli studi di pianoforte a Torino, proseguendoli in Germania con Roland Pröll. La sua formazione si è poi completata con Maria Gachet e Bruno Canino. Ha frequentato corsi di perfezionamento con Pavel Gililov e con Peter Lang al Mozarteum di Salisburgo. Dopo il Diploma di Pianoforte, ha conseguito i Diplomi accademici [&hellip;]
